nd derivative of f(u). Determine s(-5).
1
Let i(s) = -s**2 - 5*s + 4. Let v be (-42)/(1 - -5) - -7. Suppose v = 90*b - 83*b + 35. Give i(b).
4
Let v(n) = 9*n + 23. Let r(z) = 17*z + 44. Let s(a) = 3*r(a) - 5*v(a). What is s(-3)?
-1
Let h(g) = -g**2 + 8*g**3 + g**2 - 5*g**2 - 118*g - 7*g**3 + 5 + 122*g. Let n be h(4). Let o(t) = -3 + 1 - 1 + 2*t. What is o(n)?
7
Let j(c) be the second derivative of -2 + 0*c**3 + 1/12*c**4 - 22*c + 1/10*c**5 + 1/2*c**2. Calculate j(-2).
-11
Let g(o) = -7*o**2 - 8*o + 1. Let j(v) = -19 + 5*v + 9 + 4*v**2 + 10. Let z(p) = -3*g(p) - 5*j(p). Determine z(4).
9
Let b(u) = 13 - 28*u + 30*u - 3*u - 55. What is b(-19)?
-23
Suppose -24*w + 208 = 16. Let u(o) = 18 + 11*o - 45*o + 12*o + w*o + 13*o. Give u(10).
8
Let w(y) = y**3 + 3*y**2 - 2*y + 4. Let f be w(0). Suppose -f*q + 4*m = -20, -3*q = 7*m - 9*m - 17. Let l(u) = -3*u + 16. Determine l(q).
-5
Suppose -3*p + 5 = -5*q - 0, -p + 15 = 5*q. Let g be 3/((9/(-6))/(-1)). Let x(r) = -g*r**3 + 2874*r**2 - r - 2874*r**q. What is x(-1)?
3
Let v(y) = -y**3 - 2. Suppose -3*a = 5*d - 34, 4*d - 10 - 22 = -3*a. Let n be 0/((-4)/a*-6). Suppose n = -7*q + q + 12. Calculate v(q).
-10
Suppose 0*x + x + 2 = 0. Let f = -5 + 61. Let h(n) = -4 + n**3 + 58*n + 4*n**2 + 2 - f*n. Calculate h(x).
2
Let j(u) be the first derivative of 1/3*u**3 + 18*u - 10*u**2 + 41. What is j(19)?
-1
Let s(d) = 2*d + 17. Suppose -x + 8 = -3*w + 31, 3*w + 2*x = 8. Calculate s(w).
29
Let p(d) = d**3 + 2*d**2 - 3*d - 4. Let r be p(-3). Let o(s) be the second derivative of -s**3/6 + 5*s**2 + s - 24931. Calculate o(r).
14
Let w(f) = 2*f - 1. Suppose -3*x = -8*x + 7*x. Let j(p) = -p**2 + 6. Let u be j(x). Let h be u/(-10)*65/(-52)*4. Give w(h).
5
Let j(l) = -571*l**2 - 568*l**2 + 2265*l**2 - 567*l**2 - 567*l**2. Let b be (0 - (2 - 1))*1. What is j(b)?
-8
Let a(c) = -6*c - 22. Let j(d) = -7*d - 25. Let k = 358 - 353. Let i(o) = k*a(o) - 4*j(o). Determine i(-3).
-4
Suppose 343 + 1385 = -261*x + 423. Let s(b) = b**3 + 3*b**2 - 4*b + 14. Determine s(x).
-16
Let q = -249 + 253. Let g(s) = -112*s + 111*s + 14 - q. What is g(8)?
2
Let j(a) be the first derivative of a**2/2 + 4*a + 1401. Give j(-12).
-8
Let y(a) = -a**3 - 7*a**2 + 18*a - 6. Let r be y(-9). Let o(w) = 2*w**2 + 16*w + 18. What is o(r)?
-6
Suppose -4*p = 181*p - 185. Let c(r) = -94*r - 3. Calculate c(p).
-97
Suppose 32*x - 47 = 37*x - h, 2*h + 2 = -2*x. Let y(a) = 15*a + 84. Calculate y(x).
-36
Let l(b) be the second derivative of -b**4/6 - b**3/3 - 7*b**2 + 1672*b. What is l(0)?
-14
Let n = -13605 - -13617. Let w(y) = -11*y + 118. Determine w(n).
-14
Let t(a) = 9 - a**3 + 61 + 21*a - 17 + 21*a**2 - 3. Determine t(22).
28
Let s be -4 + 0 - (0 + 2). Let k(b) = -4*b - 5. Let m(p) = -5*p - 6. Let n(o) = s*k(o) + 5*m(o). Let h be (-14 + 56 + -42)/(0 - -1 - -12 - 2). Give n(h).
0
Suppose 323 = 3*s - 256. Let u = s + -197. Let f(b) = b + 2. Calculate f(u).
-2
Let q(s) = 2*s. Let z(h) = -4*h**2 + 40*h - 1. Let u be z(10). Let r(i) = -32*i + 1. Let o(v) = u*r(v) + 2*q(v). Determine o(1).
35
Let f(n) = -3*n**2 + 35*n - 46*n + n**2 + 13*n + 9*n**3. Give f(1).
9
Suppose -3*z + 18 = 3*z. Let k(g) = -12 - 2*g + 7*g + z*g - 7*g. Give k(7).
-5
Let y = -39 + 28. Let s = -6 - y. Let x(j) = -j**2 + 1 - 189*j - 90*j + 283*j. Give x(s).
-4
Let h(k) = 66*k - 159. Let n(i) = -30*i + 77. Let m(c) = 4*h(c) + 9*n(c). Determine m(8).
9
Suppose x + 0*x - 5 = 0, -3*r - x + 11 = 0. Let d be -5 - (-108)/(-90)*5/r. Let t(u) = u**3 + 7*u**2 - 9*u + 3. Give t(d).
11
Suppose 11*m - 10*m = 2. Let w(g) = 5 - 7*g + g**3 + 670*g**2 + 2*g - 672*g**m. What is w(4)?
17
Suppose f = -4*c - 0 + 37, -c - 4*f = -28. Let p(y) = 2*y**2 - 13*y + 13. Determine p(c).
37
Let u(t) = 124 + 285 - 1139 - 14*t + 228. Determine u(-36).
2
Suppose 4*z - 28 = 2*r, 0*z + 23 = 3*z - 2*r. Suppose 65 = 5*u - 8*u - 5*b, 3*b = z*u + 63. Let t = u - -16. Let s(n) = 6*n**3 + 2*n - 1. Give s(t).
7
Let r(a) = -59*a + 20*a + 30*a - 6. Let i be r(-2). Let c(k) = k - 11. What is c(i)?
1
Let t(j) = -2*j**2 - j - 1. Let m(p) be the second derivative of -p**4/6 - 225*p. Let i(a) = -4*m(a) + 3*t(a). Determine i(3).
6
Let h(d) = -d**3 - 5*d**2 + 13*d - 14. Let l be h(-7). Let g(w) = 23*w + 10. Let c(p) = -7*p - 3. Let n(i) = l*c(i) - 2*g(i). Calculate n(2).
7
Let x(m) be the second derivative of -m**4/8 + m**3/6 + 59*m**2 - 38*m. Let k(p) be the first derivative of x(p). What is k(-3)?
10
Let g(x) = x. Let f(m) = m - 1. Let l(k) = -1. Let t(b) = 2*f(b) - 3*l(b). Let s(z) = 3*g(z) - 2*t(z). What is s(1)?
-3
Let u(n) = -8*n + 10. Suppose 7*r + s + 20 = 12*r, -r + 2*s + 13 = 0. Give u(r).
-14
Let t(v) = -3*v - 5. Let j be (-40)/(-15)*(-42)/(-4). Let k = 34 - j. Suppose -y = 3*x + k, y - 4*x = -1 - 5. Determine t(y).
13
Let n(v) = -112 - 41*v + 49*v + 4*v + 4*v. Give n(7).
0
Let o be 8/2 + 4/(-2). Suppose -o*n - 36 = 2*n. Let f(r) = 2*r - 11*r - 2 - 6 - r**2 - 7 + 10. What is f(n)?
-5
Let g(h) = 807 + 812 + 3*h - 2428 + 810. Calculate g(10).
31
Let n be 100/16*(0 + 4). Suppose -5*b = -n - 0. Let v(m) = 4*m - 1. Let q(a) = -5*a - 1. Let d(g) = -3*q(g) - 4*v(g). Calculate d(b).
2
Let c(y) = y**3 + 12. Suppose -2*i + 28 = -9*i. Let f be 13/3 - i/6. Suppose -f*h = -h + h. Determine c(h).
12
Let p(i) = -i**3 - i**2 + i + 1. Let z = -83 - -9. Let f = z + 79. Suppose 4*n = n - f*k + 14, 5*k = 2*n + 24. Determine p(n).
3
Let c(i) be the first derivative of i**3/3 + i**2/2 + 24*i + 10896. Calculate c(-9).
96
Let g(c) = c**2 + 3*c - 5. Let n = 40 - -74. Suppose 30*s + n = 11*s. Calculate g(s).
13
Let b(x) be the second derivative of x**4/12 - 11*x**3/6 + 13*x**2/2 - x - 71. What is b(11)?
13
Suppose 0 = -3*k - 5*t - 7, -4*k - 6*t = -4*t. Let s be ((-4117)/4)/(k/(-4)). Let g(o) = 7*o - s + 4117. What is g(2)?
14
Let n(j) = -6*j**2 + 30*j + 31. Suppose -160*b - 16 = -63*b - 81*b. Give n(b).
-5
Let o(f) be the third derivative of -f**5/60 + 11*f**4/6 - 7*f**3/6 - 4249*f**2. What is o(44)?
-7
Suppose 8 - 3 = -w. Let h(i) = -9*i + 170. Let a(m) = 38*m - 737. Let f(c) = 6*a(c) + 26*h(c). What is f(w)?
28
Let x(v) be the second derivative of v**6/72 + v**5/120 - 13*v**4/12 + 7*v. Let w(c) be the third derivative of x(c). Suppose -2*s - s = 3. What is w(s)?
-9
Let q(v) be the first derivative of v**4/4 - 2*v**3 - 5*v**2/2 + 8*v + 1002. What is q(6)?
-22
Let x be (-3)/((-18)/12) - 8. Let p = -6 - -10. Let y(c) = -p*c**2 + 5*c + 6*c**2 + 0*c**2 - c**2 - 5. Give y(x).
1
Let p(d) be the first derivative of -d**4/4 - 3*d - 1. Let a be -9 + 2755/399 - 3/126*-4. Calculate p(a).
5
Let t(f) = -2*f + 1. Let j = 87 - 183. Let x = 101 + j. Suppose 3*a - n = 3*n - 6, x*a + 2*n = -36. Calculate t(a).
13
Let p be (-11 - (-594)/55) + (-1)/(-5). Let n(w) = p - 1 + 0 + 12*w + 2. Give n(1).
13
Let a(b) = 3 + 359*b**2 + 350*b**2 + 348*b**2 - b**3 + 6*b - 1403*b**2 + 349*b**2. Give a(-4).
91
Let k(z) = -2*z**3 - 3*z - 5. Let u(s) = -11*s**3 - 12*s**2 - 29*s - 60. Let f(j) = 5*k(j) - u(j). What is f(-11)?
2
Let d(y) = 2*y**2 + 2*y + 1 - 7*y + 7*y + 2*y**3. Let o = 398 + -400. Calculate d(o).
-11
Let m(k) = 5*k + 50. Let g be m(-9). Let y(l) = -4*l**3 + l**2 - l + 6. Let q(v) = v**3 - v**2 - 2. Let d(b) = g*q(b) + y(b). What is d(4)?
-8
Suppose -4*y + 87 = 119. Let h(s) = -9*s - 10 + 3*s + 4*s. What is h(y)?
6
Let q(u) be the second derivative of u**5/20 + u**4/6 + 5*u**3/6 + u**2 + 2*u. Let g = 64131 + -64134. What is q(g)?
-22
Let i(l) = -2*l. Let y(s) = -s + 12. Let d be y(9). Let t be -2 - (153/d - 2/2). Let b be (-6)/21 - t/(-14). What is i(b)?
8
Let p(t) = 2*t**3 - 16*t**2 + 8*t - 9. Let z(v) = -4*v**3 + 31*v**2 - 15*v + 15. Let n(b) = -5*p(b) - 3*z(b). What is n(6)?
-6
Let a(t) = t + 13. Suppose -2*w = -3*i - 2*i + 7, -5*w = -i + 29. Let n be a(w). Let c(d) = d - 5. What is c(n)?
2
Let s(d) = 37*d - 74. Let j(p) = -27*p + 73. Let r(g) = -7*j(g) - 6*s(g). Determine r(-2).
-1
Let t(f) = -f**3 - 27*f**2 + 25*f - 25. Let x be t(-28). Let a = -58 + x. Let b(m) = -7*m**2 + 2*m - 1. Give b(a).
-6
Let r(q) be the second derivative of -19 + 2*q - 1/3*q**3 + q**2 + 7/12*q**4 + 1/20*q**5. What is r(-7)?
16
Let y be (-161)/(-35) + (-3)/5. Let b = 18 + -31. Let f = b + y. Let p(j) = j**2 + 10*j - 2. What is p(f)?
-11
Let d(h) = h**2 + 75*h + 210. Let n be d(-72). Suppose -2*r + 2 = -